et l(f) = f - 3. Let q(g) = g - 4. Let a(u) = 4*l(u) - 5*q(u). List the prime factors of a(6).
2
Let i = -4 + 98. What are the prime factors of i?
2, 47
Let m = 12 - 23. Let u be (0 + 1)*-16*1. Let d = m - u. List the prime factors of d.
5
Let m = -44 + 88. What are the prime factors of 2/6 + m/3?
3, 5
Suppose 5*u - 35 = -5*g, -g - 4*g + 62 = -4*u. List the prime factors of g.
2, 5
Let c = 14 - 22. Let d = 0 - c. Let t = -5 + d. What are the prime factors of t?
3
Let q be 4/(2 + (0 - 3)). List the prime factors of 2/q*-62 + 3.
2, 17
Suppose 51 = 5*d + 3*h, 5*h = -2*d + 19 + 9. List the prime factors of (-3)/(-2)*78/d.
13
Let d(u) = -u**3 + 6*u**2 + 8*u - 3. Let n be d(7). Suppose 3*k - 75 = 3*i - 27, -i - 76 = -n*k. List the prime factors of k.
2, 5
Suppose 3*q - 2*y + 75 = 239, 3*q + y - 152 = 0. Suppose -f = f - q. List the prime factors of f.
2, 13
Suppose 3*l - 10 = l. Suppose 4*n - 197 = -l*r, 5*n = 2*r + r + 200. List the prime factors of n.
43
Suppose -w - 2*w = -3*s + 93, 0 = 5*s - 3*w - 161. What are the prime factors of s?
2, 17
Suppose 0 = 4*y - 2*c - 60, 0 = -3*c + 8 - 2. Let x(u) = u**3 - 16*u**2 + 2*u - 4. List the prime factors of x(y).
2, 7
Let i(d) = d**2 + 8*d + 6. Let m be i(-6). List the prime factors of (45/27)/((-2)/m).
5
What are the prime factors of 3/9 - 238/(-6)?
2, 5
Let j = -121 + 241. List the prime factors of j.
2, 3, 5
Let x = 295 + -197. List the prime factors of x.
2, 7
Let f(a) = a**3 - 15*a**2 + 5*a - 7. Let o be f(15). Suppose -2*d + 6 + o = 0. What are the prime factors of d?
37
Let n(b) = -b**3 - 14*b**2 - 3*b - 5. Let y be n(-14). Let s be (2/(-4))/(5/230). Let x = s + y. What are the prime factors of x?
2, 7
Let l(u) = 9*u - 2. Let z be l(3). Let t(g) = -g - 8 + 0*g + 0*g + z. List the prime factors of t(0).
17
Let i(j) = -1. Let b(u) = u + 8. Let y(s) = -b(s) - 6*i(s). Suppose -6*a - 17 = 19. What are the prime factors of y(a)?
2
Let u(p) be the third derivative of p**6/120 - p**5/20 - p**4/8 - p**3/6 + 2*p**2. Let f be u(4). Let w = 4 + f. What are the prime factors of w?
7
Let c(k) = -k**3 + 3*k**2 + 2*k - 2. Let o be c(3). List the prime factors of 13 - (-1)/2*o.
3, 5
List the prime factors of 1*21 + 36/(-12).
2, 3
Suppose -2*k + 7*k - 495 = 0. List the prime factors of k.
3, 11
Suppose -4*x - 4*y = -92, x - 5*x - y = -92. List the prime factors of x.
23
Suppose -2*r - 2 = 0, 0 = f - 0*r + 4*r - 22. What are the prime factors of f?
2, 13
Let w(v) = 19*v**3 - v**2. Let h be w(1). Suppose -t - h = -3*t. List the prime factors of t.
3
Let r(l) = l**3 + 2*l + 2. List the prime factors of r(3).
5, 7
Let u(q) = 2*q - 4. Let h be u(4). Suppose 2*a + 4*x + 0 = -h, 2*x + 10 = 0. List the prime factors of a.
2
Suppose 2*z - 10*z + 184 = 0. List the prime factors of z.
23
Let g(n) = 6*n + 30. List the prime factors of g(5).
2, 3, 5
Let c(g) = 7*g + 2. Let f be c(10). Suppose 0*o + f = 2*o. What are the prime factors of o?
2, 3
Suppose 0 = -4*o + 129 + 163. What are the prime factors of o?
73
Suppose 4 = -2*k - 4, 3*i - 50 = 5*k. List the prime factors of i.
2, 5
Let a(v) = v. Let z be a(1). Let o = 8 - z. List the prime factors of o.
7
Suppose -m + 22 + 28 = 0. Suppose 9*q - 127 - 53 = 0. Suppose 2*b + 5*p - q = 0, -7*p + m = 5*b - 2*p. List the prime factors of b.
2, 5
Let z = -1 + 1. Suppose z*i + 18 = 3*i. Let s = -2 + i. List the prime factors of s.
2
List the prime factors of 1 - -4 - (-6 - 396).
11, 37
Let r(n) = 9*n + 2. List the prime factors of r(7).
5, 13
Let u be ((-6)/7)/((-2)/14). Let v(l) = -l**3 + 7*l**2 - 3*l + 7. What are the prime factors of v(u)?
5
Let k be (6 + 0)/(4/(-14)). Let q = k - -32. What are the prime factors of q?
11
Let f = 11 - 6. Suppose 10 = -f*p, -4*n - 4*p - p = -34. Suppose -7*v + n*v - 32 = 0. List the prime factors of v.
2
Let t(v) = -v - 4. Let d(o) = -o - 7. Let x(h) = 4*d(h) - 7*t(h). List the prime factors of x(2).
2, 3
Let m = -3 - -7. Suppose -m*z + 10 = -18. List the prime factors of z.
7
Let x be (44/8 + -3)*8. Let y = 25 - x. What are the prime factors of y?
5
Suppose t + 0 - 4 = 0. Let h(u) = 2*u**2 - 5*u - 3. What are the prime factors of h(t)?
3
Let q = -196 + 99. List the prime factors of (-4)/(-18) + q/(-9).
11
Let f(j) = -j + 2. Let o be f(2). Suppose o*w + 2*w - 48 = 0. Suppose w = s + s. List the prime factors of s.
2, 3
Let a be (2/(-6))/((-4)/516). Suppose 2*w + 32 = 3*i, -i + 3*w + a = 3*i. List the prime factors of i.
2, 5
Let v = 9 + 51. Suppose 220 + v = 5*l. Suppose -4*u + 42 = -3*w, -4*u - 5*w + l = -w. What are the prime factors of u?
2, 3
Suppose 2*r - 5 = r. List the prime factors of r.
5
Suppose 0 = -2*p + 6*p - 100. Suppose 0 = -2*i + p + 5. List the prime factors of i.
3, 5
Suppose x = -3*x. Let s = 7 + x. What are the prime factors of s?
7
Suppose -4 - 5 = i. Let o = 3 + -9. Let p = o - i. List the prime factors of p.
3
Let g(i) = 12*i**3 - i + 1. Let l be g(1). Suppose 3*v - 5*p - 37 = 0, 0 = 3*v + p + p - 2. Suppose 3*c + l = v*c. List the prime factors of c.
2, 3
Let h = 4 + -1. What are the prime factors of h?
3
Let m(o) = -4*o - 16. List the prime factors of m(-8).
2
Let i(d) = 4*d**3 - 5*d + 3*d**2 + 2*d**3 - 5*d**3. Let k be (-46)/12 + 1/(-6). What are the prime factors of i(k)?
2
Suppose 3*m = -2*q + 39, 2*q + q = -5*m + 65. List the prime factors of m.
13
Let v be (-45)/(-6)*(-6)/(-9). Suppose 0*r + v*r - 370 = 0. Suppose 2*p + 3*p - 3*f - 87 = 0, 0 = -4*p - 2*f + r. List the prime factors of p.
2, 3
Suppose 3*o - 232 = -40. List the prime factors of o.
2
Let p be -17*1/(-2)*-2. Let h = p - -12. What are the prime factors of (h - 1)*2/(-6)?
2
Let v(g) be the first derivative of g**4/4 - 4*g**3 + 3*g**2/2 - 7*g + 4. List the prime factors of v(12).
29
Let i(j) = j - j**2 + j**3 - 2*j - 3*j. Let m be i(3). Suppose -2*u + m*u - 28 = 0. What are the prime factors of u?
7
Suppose -5*p + 55 = -5*j, 0 = -3*j - p - 12 - 9. Let a = j - -14. What are the prime factors of a?
2, 3
Let s(g) be the second derivative of -9*g**5/20 + g**4/12 + g**3/3 + g**2/2 - g. Suppose 4*c + 5 = k + 1, 0 = -k. What are the prime factors of s(c)?
3
Let h(p) = -20*p + 77. List the prime factors of h(-13).
337
Let w be 1/(-4) + 2485/20. Let z = -84 + w. What are the prime factors of z?
2, 5
Suppose 4*f - 20 = -0. Let q(j) = j**3 - 4*j**2 - 3*j - 4. List the prime factors of q(f).
2, 3
Let l = 4 + 1. Let n(y) = 7*y - y**2 - 8*y**2 + 8*y**2 + 0 - 2. List the prime factors of n(l).
2
Let i = -27 - -12. Let g = i - -34. List the prime factors of g.
19
Suppose t + 5*q - 227 = q, -3*q = t - 225. What are the prime factors of t?
3, 73
Let l(a) = 243*a**2 - 6*a - 8. What are the prime factors of l(-1)?
241
List the prime factors of (-105)/(-4)*(48/9)/2.
2, 5, 7
Suppose 2*a + 40 = -3*a. List the prime factors of ((-57)/(-12))/((-2)/a).
19
Let r(h) = -16*h - 4. Let g be r(-3). Let o = g + -20. What are the prime factors of o?
2, 3
Let j = 293 - 94. What are the prime factors of j?
199
Suppose -5*m + 25 = -10. Let q(t) = -t**2 + 8*t - 1. List the prime factors of q(m).
2, 3
Let a(h) = 6 - h - 3 + 3 + 2*h. What are the prime factors of a(7)?
13
Let r(g) = -g - 5. Let u be r(6). Let m = u - -39. Let v = -17 + m. List the prime factors of v.
11
Let p = 167 + 25. What are the prime factors of p?
2, 3
Let w(n) = -8*n - 3. Let t be w(-2). Let u = 32 - t. List the prime factors of u.
19
Let s be 75/27 + (-2)/(-9). Let y = s - -1. What are the prime factors of y?
2
Let t = -42 - -76. What are the prime factors of t?
2, 17
Let w(l) = l**2 - 12*l - 5. What are the prime factors of w(19)?
2
Let s(w) = -w**3 - 8*w**2 + 8. Let r be s(-8). Suppose 3*o + 5 = 4*o. Let p = r - o. List the prime factors of p.
3
Suppose i + i - 8 = 0. Let o(l) = -l**2 - 7*l + 6. Let x be o(-6). What are the prime factors of 0 - i/(x/(-15))?
5
Let i(r) = r**2 - 6*r - 1. What are the prime factors of i(-4)?
3, 13
Let v = -2 + 12. Suppose -5*w = -b - 6, -w = 4*b - 4*w - v. Suppose 34 = -b*t + 6*t. List the prime factors of t.
17
Suppose 3*g = 23 - 2. Let w = 1 + 0. Let q = g + w. List the prime factors of q.
2
Suppose -4*n = -5*p + 5, 5*p + 5 - 10 = -2*n. Suppose g - 2*h - 11 = -n*g, 4*g - 4 = -2*h. List the prime factors of g.
3
Let j(f) = -f + 0*f + 8*f**2 + 9 - 8. List the prime factors of j(1).
2
List the